s of l/2 + (-3)/(-6)?
2
Suppose 3*v - 54 = v. List the prime factors of v.
3
Let x(h) = -h - 2. Let r be x(-9). Let i be (-4)/(-8) + r/2. What are the prime factors of ((-2)/(-3))/(i/30)?
5
Suppose 24 = -2*x - 36. List the prime factors of (-306)/x - 1/5.
2, 5
Let g(k) be the first derivative of -6*k - 1/3*k**3 + 4 - 5*k**2. List the prime factors of g(-7).
3, 5
Let i = 180 + -423. What are the prime factors of 1/(-2) - i/18?
13
Let k(z) = z + 4. Let u(f) = f**2 - 3*f - 4. Let y be u(-5). Suppose 0*v - y = -2*b + 4*v, -b + 6 = v. List the prime factors of k(b).
2, 7
Suppose -3*s = s - 20. Suppose -s*c - 4 = -3*c, c - 18 = -2*f. What are the prime factors of f?
2, 5
Let w = 2 - 1. Suppose -w = 3*k + 5. What are the prime factors of (6/k)/((-3)/8)?
2
Let i(n) = -n**2 - 8. Let q be i(0). Let a be 2/8 + 10/q. List the prime factors of 2 + 10 + a + 0.
11
Let y = 38 - -13. Suppose -s = -0*g + 5*g - 49, -5*g + s + y = 0. List the prime factors of g.
2, 5
Let t be (-4 - 1)/(4 + -5). Suppose 3*i - h - 23 = -t*h, -2*h = -4. What are the prime factors of i?
5
Let p(x) = 2*x**2 - 9*x. What are the prime factors of p(10)?
2, 5, 11
Suppose -2*u + 3 = 3*s + 2*u, -2*u = -4*s + 26. Suppose s*d - 12 = d. Let i(a) = 2*a. List the prime factors of i(d).
2, 3
Let s be 4 + 2 + (-6)/2. Let q = s - 1. What are the prime factors of q?
2
Suppose -2*j = -v - 388, 2*v + 2 + 6 = 0. Suppose 0 = -4*c + 4, z + j = 6*z + 2*c. List the prime factors of z.
2, 19
List the prime factors of ((-36)/(-10) - 4)*-345.
2, 3, 23
Suppose -6*v + 27 = -5*v. Let s = 42 - v. What are the prime factors of s?
3, 5
Let j(l) = l**2 + 4*l - 3. Let p be j(-5). Let x be (9/(-6))/(p/(-8)). Suppose 2 = 2*z - x, 4*y + 3*z = 68. What are the prime factors of y?
2, 7
Let w(n) = 3*n**2 + 2*n - 1. Let o be w(1). Suppose o*l = -l - 10. List the prime factors of (0 - 7)*(1 + l).
7
Suppose q - 36 = -3*q. List the prime factors of (q/2)/((-3)/(-6)).
3
Let t be (-1 - -3 - 3)*-5. Suppose 0 = 2*p - 4*l - 46, t*l + 100 = -3*p + 8*p. What are the prime factors of p?
17
Suppose 3*i + 267 = 5*n, -3*i = -3*n + 167 - 8. What are the prime factors of n?
2, 3
Suppose 0 = d - t - 48, 85 = 4*d + t - 112. Let z = d + -22. List the prime factors of z.
3
Let m(q) = -q**3 - 5*q**2 + 5*q + 2. Let s(h) = -3 - h + 2 - 5. Let f be s(0). List the prime factors of m(f).
2
Suppose -6*x + 1122 = -786. What are the prime factors of x?
2, 3, 53
Let h(z) = 2*z**3 + 4*z**2 - 2*z + 9. List the prime factors of h(3).
3, 31
Let w = 23 - 14. List the prime factors of (81/6)/(w/12).
2, 3
Suppose -2 + 3 = -b. Let g(k) = -k**2 + 5*k + 3. Let f be g(6). What are the prime factors of f/b + (14 - -2)?
19
Let w(k) = -2*k + 1. Suppose -5*u - 100 = -325. Suppose v + u = -4*v. List the prime factors of w(v).
19
Let t = -1 + 4. Suppose 0 = t*m - 12. What are the prime factors of m?
2
Suppose 5*u - 3*p = 1103, 6*u + p = 2*u + 879. What are the prime factors of u?
2, 5, 11
Let s(h) = -h + 4*h**2 + 0 - h - 1 + 0*h. What are the prime factors of s(2)?
11
Let o(v) = -v**3 - 4*v**2 + 3*v - 7. Let y = -16 + 11. Let a be o(y). Suppose 3*p = -a*x + 12, 0*p - 25 = -4*p - x. List the prime factors of p.
7
Let p(a) = -a**3 - 8*a**2 - 8*a + 22. List the prime factors of p(-9).
5, 7
Suppose 5*g - 48 = -2*q, g + g - 36 = -2*q. Suppose 0 = -4*a + 22 + q. List the prime factors of a.
3
Suppose 3*o - o - 10 = -5*p, 5*p - 10 = -4*o. Let h = 17 + o. List the prime factors of h.
17
Let s(a) = a**2 - 8*a - 12. Let h be s(9). Let g = 11 + h. What are the prime factors of g?
2
Let i = -8 + 11. List the prime factors of i*2 + 0/(-9).
2, 3
Suppose t + 15 = -3*d - 3*t, -3*t = 3*d + 15. Let h = d + 6. What are the prime factors of h/2 - 125/(-10)?
13
Suppose -5*y + b + 146 = -0*b, 142 = 5*y - 2*b. Let q be y/(-4) - (-3)/(-2). Let t = q + 27. List the prime factors of t.
2, 3
Let m = -14 - -34. List the prime factors of m.
2, 5
Let u = 98 - 28. Suppose -5*k + 6 = -3*c + u, 32 = 2*c + 2*k. List the prime factors of c.
2, 3
Let g(j) = j**2 + 8*j - 11. What are the prime factors of g(-11)?
2, 11
Let o(d) = -19*d**2 - d + 2. Suppose i = 4*l + 7, 11 = -2*l - 2*i + 5. Let q be o(l). List the prime factors of (6/8)/((-3)/q).
2, 3
Let i be 0/(1 + (1 - 1)). Suppose i = -0*z + 5*z - 70. List the prime factors of z.
2, 7
Let q be (-4)/((-12)/9) + -3. Suppose -2*h + h + 30 = q. List the prime factors of h.
2, 3, 5
Let q be -2 - (-10 + (5 - 3)). What are the prime factors of 35/2 + q/12?
2, 3
Let c(r) = -1. Let t(v) = -v - 3. Suppose 0 = 2*i + i - 30. Let y(b) = i*c(b) - 2*t(b). What are the prime factors of y(5)?
2, 3
Let h = -63 - -85. List the prime factors of h.
2, 11
Let s = 9 + -4. Let v = 1 + s. What are the prime factors of v?
2, 3
Suppose 6*v - 8*v = -546. What are the prime factors of v?
3, 7, 13
Let u(k) = -k**3 + 4*k**2 - k - 3. What are the prime factors of u(3)?
3
Let j = -248 - -392. List the prime factors of j.
2, 3
Let v = 263 + -17. List the prime factors of v.
2, 3, 41
Let y(u) = -4*u**2 - u + 4. Let i be y(4). Let g = -42 - i. Let q = 32 - g. List the prime factors of q.
2, 5
Let r(b) = b**2 + 7*b. Let z be r(-4). Let p be 28 + (-2 - 4)/(-3). Let y = z + p. List the prime factors of y.
2, 3
Let h(s) = -s**2 - 9*s + 7. What are the prime factors of h(-7)?
3, 7
Let g = -6 - -12. Let u = g - 2. Suppose -u*h + 9*h - 45 = 0. What are the prime factors of h?
3
Let t = -53 - -88. What are the prime factors of t?
5, 7
Suppose k = 2*k - 6. Let s be (-30)/5*(-2)/k. Suppose -s*a = 1 - 9. What are the prime factors of a?
2
Suppose -x + o + 15 = 0, 5*x - 76 - 29 = -5*o. What are the prime factors of x?
2, 3
Suppose 5*w = 2*w + 12. Suppose 4*v + 55 = i, -6*v = w*i - v - 262. What are the prime factors of 2/(-9) + 707/i?
11
Suppose 0 = 4*k - 12 - 8. What are the prime factors of -21*(-2)/(1 + k)?
7
Suppose 5*r - 2*o + 3 = 0, 2*o + 14 = 2*r + 5*o. Let m be 1 + (1 + 1)/r. Suppose 0*l + 3*l - 60 = -m*q, -4*l = 3*q - 62. List the prime factors of q.
2, 3
Let f(g) = -17*g. Let r be f(-5). Suppose -r = -5*k - d, -2*k + 3*d + 37 = 4*d. List the prime factors of k.
2
Suppose j - 2*j = -7. Suppose -4*d = -d - 4*u + 53, 0 = -d + 4*u - j. Let l = 38 + d. List the prime factors of l.
3, 5
Suppose 0 = r, 0*h + 5*r + 4 = h. List the prime factors of 10/(-2*(-1)/h).
2, 5
Suppose -3*x = -x - 30. Let r = 26 - x. Let z = -6 + r. List the prime factors of z.
5
Suppose 0 = -25*v + 20*v + 290. List the prime factors of v.
2, 29
Let a = 5 - 6. Let l be (1 + a)/(-4 - -3). Suppose 4*i - p - 28 = -l*p, -3*i = 5*p - 44. What are the prime factors of i?
2
List the prime factors of 394 + 3*(2 - 10/6).
5, 79
Suppose -20 = 4*u + 4*r, -2*u - 4*r = u + 18. What are the prime factors of (-7 - (-4 - -1))/u?
2
Suppose 3*p = 2*j - 0*j + 25, -4*p + 4 = j. Let n(s) = -4*s + 4*s + 10 - 7*s**2 - s**3 + 8*s. What are the prime factors of n(j)?
2, 5
Let r be (4 + -2)/((-4)/(-16)). Let g(u) = 6*u + 11*u**3 + 1 - r*u + 0*u**2 + u**2. What are the prime factors of g(1)?
11
Let r = -19 - 44. Let w = -38 - r. Suppose -5*o = -o - k - 16, -3*o + 4*k = -w. List the prime factors of o.
3
Suppose 0 = -4*h - 5*v + 48, h - 5*v = 2*h - 27. Let w(p) = -p**3 + 7*p**2 + p + 3. List the prime factors of w(h).
2, 5
Let y(a) be the first derivative of -a**5/10 - a**4/12 + a**3/3 - a + 3. Let w(o) be the first derivative of y(o). List the prime factors of w(-2).
2
Suppose 2*b + b = 78. List the prime factors of b.
2, 13
Let a(u) = -u**3 + u**2 - 2*u - 2. Let n be a(-2). Let f = -8 + n. Suppose 9*c - 39 = f*c. List the prime factors of c.
13
Let l(a) = 5*a - 8. Let w = 12 + -5. Let b be l(w). Let n = -15 + b. What are the prime factors of n?
2, 3
Suppose 17 + 19 = 4*c. Suppose 5*x + c - 49 = 0. What are the prime factors of x?
2
Suppose 12 = -3*w + 36. Suppose -5*h + 15 = -2*h. Suppose 33 = h*g + w. List the prime factors of g.
5
Let h = 221 - 109. What are the prime factors of h?
2, 7
Suppose -3*l - l + 36 = 0. Let k = -9 + l. Suppose k = c - 2*a - 12 - 3, 4*c = -a + 87. What are the prime factors of c?
3, 7
Suppose -2*n + n + 19 = 0. List the prime factors of n.
19
Let h = 1 + -16. Let l(s) = s**3 - 3*s**2 - 6*s + 6. Let c be l(5). Let v = c + h. What are the prime factors of v?
11
Suppose -5*n = -n - 148. Let x = 53 - n. List the prime factor